or of 8 and o.
2
Suppose j = o - 2*o + 44, -5*o = 0. What is the greatest common factor of j and 8?
4
Let g(x) = -3*x - 2. Let l(o) = 21*o + 15. Let j(m) = 15*g(m) + 2*l(m). Let n be j(-2). What is the highest common factor of n and 12?
6
Suppose 378 = 3*f + 2*a + 2*a, 5*f + 4*a = 638. Calculate the greatest common factor of 52 and f.
26
Let t be 1610/30 - (-2)/6. Let k be t/15*(-120)/(-18). Calculate the highest common factor of k and 3.
3
Let u(a) = -a**3 + 7*a**2 - 6*a + 3. Let l be u(6). Let f(y) = y**2 - 3*y. Let b be f(4). Suppose -c - 9 = -b*c. What is the greatest common factor of l and c?
3
Let b = -46 - -48. Calculate the highest common divisor of b and 8.
2
Suppose v - 8 = -2*v - 2*p, -6 = -5*v + 4*p. Suppose 8*o = v*d + 3*o + 31, 5 = o. Let q = d + 12. What is the highest common divisor of 27 and q?
9
Suppose 57 = 5*s + i, -5*s = -4*i - i - 45. Let a(o) = 2*o**3 - 2*o**2 + o + 1. Let w be a(2). What is the highest common divisor of w and s?
11
Suppose 2*c - 76 = -16. What is the greatest common factor of 50 and c?
10
Let o = -27 + 42. Let c(b) = b**2 - 3*b + 6. Let l be c(4). Let m be (l/6)/(5/o). What is the highest common factor of m and 10?
5
Let b = -254 - -443. Calculate the highest common divisor of b and 21.
21
Let h(j) be the third derivative of -j**6/12 - j**5/30 + j**3/6 - 4*j**2. Let f be 2*((-4)/2)/4. Let v be h(f). What is the highest common factor of v and 3?
3
Let r(u) = -9*u + 1. Let m be r(-3). Let h be m + (-1)/(2 - 1). Calculate the greatest common factor of h and 18.
9
Suppose -3*a + 95 - 23 = 0. Let k = -97 + 313. What is the highest common divisor of a and k?
24
Suppose -3*q + 152 = q. Let u(w) = w**2 - 2*w + 8. Let h be u(9). Suppose 185 = 2*b + h. Calculate the greatest common factor of q and b.
19
Suppose -4*p + 6*p - 14 = 0. Let w = 12 - p. Let h be 5*(1 - 3/w). Calculate the highest common divisor of 3 and h.
1
Let u = -7 + 7. Suppose k + 3*k - 16 = u. Suppose -k*x + 193 = 3*f - 2*f, 2*x = 4*f - 844. Calculate the greatest common factor of f and 19.
19
Let o = -3 + 10. Suppose -2*b = -3*b + 42. Calculate the greatest common divisor of b and o.
7
Suppose -5*c - 4*g = -1038, -3*c + 0*c - 3*g = -621. Calculate the highest common divisor of c and 30.
30
Suppose 5*f = -0*f + 15. Let l = -216 - -365. Suppose 95 = f*i - 4*j + 5*j, -5*i - 4*j = -l. Calculate the highest common factor of i and 3.
3
Suppose 0 = 5*h - 17 + 2. Suppose -5 = -h*p + 2*p. Let a(x) = x - 1. Let q be a(6). Calculate the greatest common factor of q and p.
5
Let i = 10 - 7. Let x be (-14)/1*i/(-6). Suppose -a = -x - 5. Calculate the highest common divisor of 36 and a.
12
Suppose -15 = -4*j + 1. Suppose -150 = -j*p - 2*x, 4*p + x = 3*x + 138. Calculate the highest common divisor of p and 18.
18
Suppose -608 = 2*k - 10*k. What is the greatest common factor of 190 and k?
38
Suppose 228 = -4*y + a - 0*a, 2*y + 4*a = -114. Let i = -13 - y. Suppose -4*l = -2*q + 4*q - 28, 4*l = 20. Calculate the highest common factor of i and q.
4
Suppose -25*r - 36 = -29*r. Calculate the highest common factor of r and 54.
9
Suppose 8 + 8 = -2*x. Let l be (-9 - x) + 3*1. Let q(r) = r**3 - 2*r**2 - 7*r + 6. Let y be q(4). Calculate the highest common divisor of y and l.
2
Suppose -2*a - 3*a + 60 = 0. Suppose 4*n = -4*l + 52, -2*l + 63 = 5*n + l. Calculate the greatest common factor of a and n.
12
Suppose -f + n + 166 = 2*f, 4 = -n. Calculate the highest common factor of 81 and f.
27
Let i = -26 + 38. Let p = i - 19. Let f be 2/p + 570/35. Calculate the greatest common divisor of 48 and f.
16
Let h(a) be the second derivative of a**4/6 + 4*a**3/3 - 2*a**2 - 2*a. Let m be h(-8). What is the greatest common divisor of m and 6?
6
Suppose -3*u - 9*y + 48 = -6*y, -2*u - 3*y + 33 = 0. Calculate the highest common factor of 10 and u.
5
Let n be -2 + 36 + (1 - 3). What is the greatest common factor of n and 48?
16
Let d be (-2)/4 - 1832/(-16). Suppose 0 = 5*l - d - 6. Suppose p - l = -9. Calculate the highest common divisor of 75 and p.
15
Suppose -15 = w - 6*w. Calculate the highest common factor of 12 and w.
3
Suppose -1 = -2*a + 3. Let v be (-21)/a*16/(-3). What is the highest common factor of v and 8?
8
Let z = -65 + 109. Calculate the highest common divisor of 22 and z.
22
Let h be 3/12 + (-478)/(-8). Let u = -58 + 82. Calculate the greatest common factor of h and u.
12
Suppose 0 + 2 = 2*x. Let w(y) = 43*y - 1. Let a be w(x). Let f be 69/12 + (-2)/(-8). What is the greatest common divisor of a and f?
6
Let g(s) = -s**3 + 7*s**2 + 9*s - 4. Let m be g(8). What is the greatest common divisor of m and 8?
4
Let m(f) = f**2 - 5*f + 8. Let b be m(-7). Let c be 186/8 - (-12)/(-48). Calculate the highest common factor of b and c.
23
Suppose -j = 3 - 5. Suppose 4*a + 7 = 3, 3*a - 5 = -j*r. Let b be (r - 24)*7/(-4). What is the highest common factor of b and 5?
5
Let a(j) = 8*j**2 + 8*j - 8. Let x be a(-4). What is the greatest common divisor of 22 and x?
22
Let b = -17 + 67. Let z = 116 + -44. Let l = z - b. Calculate the greatest common factor of l and 55.
11
Suppose 0 = 4*f - 9*f + 120. Let h(r) = -2*r + 40. Let k be h(12). Calculate the greatest common divisor of f and k.
8
Let q = -101 - -171. Calculate the greatest common factor of q and 28.
14
Let b(f) = 4*f - 18. Let v be b(5). Calculate the greatest common divisor of 18 and v.
2
Let u(f) = -f**3 - 2*f**2 + 5*f - 4. Let x be u(-4). Calculate the highest common factor of 40 and x.
8
Suppose -7*f = -6*f - 51. What is the greatest common divisor of 34 and f?
17
Suppose 6*h - 126 = 90. Calculate the greatest common factor of 9 and h.
9
Let d = -8 - -10. Let i be 54/5 + d/10. Calculate the greatest common factor of 11 and i.
11
Suppose -3*b + 12 = 0, 3*y + 3*b + 2 = -4. Let g = -4 - y. Let s be (-10 - 0)*g/(-2). Calculate the greatest common divisor of s and 25.
5
Let j(i) = -6*i**2 + 5*i + 2. Let c(w) = w**2 + w + 1. Let t(k) = 3*c(k) - j(k). Let f be t(1). What is the highest common factor of 40 and f?
8
Let s be 17/(-2) + (-2)/(-4). Let u(q) = -2 - 12*q - 3*q**2 + 0*q**2 + 2*q**2. Let p be u(s). Calculate the highest common divisor of 10 and p.
10
Suppose 64 + 16 = 8*n. Let p = 5 - 0. Suppose -r - p*f = -25, 3*f = -2*r - r + 39. What is the highest common divisor of n and r?
10
Suppose n - 5*n = -4*k - 64, -2*k - 34 = -n. Let v be 4/k - (-128)/9. Calculate the greatest common divisor of 14 and v.
14
Let y(g) = g + 5. Let r be y(-3). Suppose -x = r*x. Suppose x = -4*w - 8, t = 6*t + 3*w - 19. What is the greatest common factor of t and 20?
5
Let m be -4 + 6 - (-11 + 1). Let w be m/18*9/2. What is the highest common factor of 6 and w?
3
Let s be 189/15 - 3/5. Calculate the highest common divisor of 12 and s.
12
Suppose 0 = -5*w + 5, -3*r = 3*w + 27 - 6. Let q(o) = o**3 + 9*o**2 + 7*o - 1. Let v be q(r). Calculate the highest common factor of 63 and v.
7
Suppose -29 = -5*l + f, -f = l - 0 - 7. Let c be (-32)/l*(-66)/4. What is the highest common divisor of 11 and c?
11
Let u = -7 + 5. Let o be 30/(-9) + u/3. Let s = -2 - o. Calculate the highest common factor of 3 and s.
1
Suppose -3*j + 2*x + 18 + 1 = 0, -10 = 2*x. Calculate the highest common factor of j and 3.
3
Let r be ((-64)/48)/(2/(-255)). Calculate the greatest common factor of r and 68.
34
Let z be 2 - 1 - (-1 + 0). Let s be 6*((-29)/(-2) - z). Let b(u) = -u**3 + 5*u**2 - u + 3. Let v be b(4). Calculate the greatest common factor of s and v.
15
Suppose 0 = v - 3*v - 172. Let t = 12 - v. Suppose 5*y = 4*n + y - 44, 5*n - 85 = -5*y. What is the greatest common divisor of n and t?
14
Let s be (-5232)/(-208) - 4/26. Let u = 25 + -15. Calculate the highest common factor of s and u.
5
Let o = -14 - -37. Let b = o + 5. Calculate the highest common factor of 42 and b.
14
Let a be 12/(-8)*4/3. Let z be a + (-6)/9*-45. Let q(p) = -p**2 - p + 14. Let r be q(0). What is the greatest common divisor of r and z?
14
Let f be (33/12)/((-1)/(-4)). Let q = 9 + -8. Suppose 3*z - q = f. Calculate the highest common factor of z and 12.
4
Suppose -4*f - 112 = 4*w, -112 = -4*w + 8*w + 5*f. Let b = w - -47. Let z be (-24 + -4)*38/(-8). Calculate the greatest common divisor of z and b.
19
Let h = -7 - -52. Calculate the highest common divisor of 9 and h.
9
Let g be (-2)/((-12)/(-135)*10/(